ber?
True
Let s(x) = -5*x**3 - 3*x**2 + 3*x - 2. Let k be 6/3 + -1 + 2. Let b be s(k). Let w = b + 242. Is w prime?
False
Let l be (-10)/(-2 - -7) - 1. Is 377 + 2 + (-1 - l) a composite number?
True
Let q be 21/6 + (-6)/4. Let b be 0/((-1*4)/q). Suppose 4*k + g - 71 = b, 0 = 5*k + 4*g - 1 - 74. Is k a composite number?
False
Let x = -469 + 273. Let y = 323 + x. Is y a prime number?
True
Let a(p) = p**3 - 5*p**2 - 4*p - 14. Let l be a(6). Let z be l/(-3) - 1173/(-9). Suppose -t + 5 = 0, 0 = -2*m + t + 526 + z. Is m a prime number?
True
Suppose n - 2439 - 50862 = -5*w, -w + 5*n + 10681 = 0. Is w composite?
True
Let s be 3/9*(-846)/(-6). Let r = -34 + s. Is 25 - r - (-2)/1 a prime number?
False
Let t(x) = 57*x**2 + 4*x - 24. Let m be t(3). Suppose 0 = -0*d - d - 4*u + m, -4*u - 2529 = -5*d. Is d composite?
True
Let w(z) = 6*z - 21. Let q(h) = h - 7. Let x be q(17). Let j be w(x). Let v = j + -20. Is v composite?
False
Suppose -u = 4*u - 4665. Is u a composite number?
True
Is (9/18)/((-3)/(-1266)) composite?
False
Suppose -3*n + 1847 + 2596 = 0. Is n a prime number?
True
Let t(c) = 101*c**3 + 14*c**2 + 39*c - 163. Is t(7) prime?
False
Suppose -6*m = -11*m + 20. Suppose 3164 = 5*h - 3*n, 4*h = -m*n + 1423 + 1089. Is h prime?
True
Suppose 244 = m + 1089. Let u = 1398 + m. Is u a composite number?
True
Suppose -4*y + x + 3331 = 0, -5*y + 4*x = 2*x - 4160. Suppose -y - 1386 = -3*g. Suppose -6*i = -10*i + g. Is i a prime number?
False
Suppose 22*p - 14 = 21*p. Let z = p - 11. Suppose z*u = -k + 5*u + 231, -5*u + 737 = 3*k. Is k prime?
True
Let d(r) = -39*r**2 - 11*r + 9. Let m be d(-7). Let o = 2792 + m. Is o a composite number?
False
Let m be (21/6)/((-4)/(-8)). Suppose m*n - 644 = -5*p + 4*n, 2*p + 5*n = 269. Is p a composite number?
False
Suppose -5*h = -7283 - 3467. Let j = h + -1521. Is j a composite number?
True
Let b be 5*(49/(-35))/7. Let v(x) = 273*x**2 - 6*x - 2. Let o(u) = -u**2 - u. Let h(a) = -4*o(a) + v(a). Is h(b) prime?
True
Let c be -2*(-3)/(-6) + 98. Let u be -62*(-1 - -4)/3. Let k = u + c. Is k a prime number?
False
Let q(l) = 183*l + 38. Let b(h) = h**2 - 2*h - 1. Let i be b(-2). Is q(i) prime?
True
Suppose -212139 = -3*y + 3*j, -y = -2*j - 0*j - 70717. Is y a prime number?
True
Let p = -20334 + 39541. Is p prime?
True
Let s = 9 + -9. Let v(o) = 2*o + s*o - 6*o - 17. Is v(-9) a prime number?
True
Suppose -3*d + 15 = 0, 4*k - 27*d = -32*d + 256517. Is k prime?
True
Let u = -53 - -135. Suppose -322 = -2*r + f, -r + f - u + 243 = 0. Is r composite?
True
Suppose 4*x - 903 = -2507. Let a = x - -792. Is a a prime number?
False
Suppose -t + g = -3477, 7*g = -t + 3*g + 3457. Is t a prime number?
False
Let n(f) = -f**2 + 8*f - 3. Let h be n(9). Let m = -9 - h. Suppose 5*p + m*c - 37 - 33 = 0, 43 = 3*p + 2*c. Is p a prime number?
True
Let u(q) = 156*q - 1. Let b be -3 - (6*-1 + -1). Is u(b) a composite number?
True
Is (-154750)/(-60) + (-2)/12 a prime number?
True
Let s = 33 - 32. Let t be -2 - ((-24)/4 + s). Suppose 50 = t*q - 1621. Is q composite?
False
Suppose -5*c = 5*w - 1605, 4*w - 1284 = -2*c + c. Let n(o) = 33*o + 6. Let v be n(-6). Let d = v + w. Is d prime?
False
Suppose -3*h + 4*i = -1153, -h - 2*i + 391 = -5*i. Is h prime?
True
Let p = 4 + 1. Suppose 4*b + 21 = -2*l - 1, 0 = 3*l - b + p. Let w(g) = 5*g**2 - 4*g. Is w(l) prime?
False
Let a(b) = b**3 - 5*b**2 + 2*b + 1. Let u be a(6). Suppose 51*v = u*v + 9934. Is v prime?
True
Let q = 2785 + -680. Is q a composite number?
True
Let d(c) = 235*c**2 + 4*c - 4. Suppose 4*y - 6*y + 2*m = -2, -y - 4*m = 19. Is d(y) a composite number?
False
Let z(u) = -4 - 4 - 5*u**2 + 0*u**2 + 2*u + 7 + 5*u**3. Is z(3) prime?
False
Is (-1809976)/(-112) + 2/4 prime?
False
Let o(r) = -2246*r**3 + 2*r**2 + 2*r + 1. Let y be o(-1). Suppose 2*j + 2*d - 1273 = -149, 0 = 4*j + 5*d - y. Is j composite?
False
Let p = 1 + 1. Suppose -2*r + 276 = p*r. Is r + -1 + (2 - 3) a prime number?
True
Suppose -4*c + 5*y = -2007, -c + 7*y - 6*y + 502 = 0. Is c a prime number?
True
Suppose 13*u - 26895 - 22778 = 0. Is u prime?
True
Suppose 0 = 3*l + 3*l. Let c(o) = -7*o**3 - 2*o**2 - 4*o + 3. Let d be c(-6). Suppose -4*s + 481 + d = l. Is s a prime number?
True
Let c = -27 - -366. Suppose -4*b + 3*b + c = 0. Is b composite?
True
Let t = 36 - 34. Let u be (-6 + 5)/(t/2546). Let q = u - -1932. Is q composite?
False
Let b = 822 - -814. Suppose -r + b = 3*r. Is r composite?
False
Let y be 2*2/(-14)*-10913. Is -2*y/(-4) - (-2 + 2) a composite number?
False
Suppose 0 = 2*b + 2*q + 8, 4*q + 12 = b - 9. Is 0 + (-1 + -3 - -545)*b a composite number?
False
Is (111/(-9))/(7/(-1113)) a composite number?
True
Suppose 2*v + 847 = -5*l, v - 529 = 3*l - 3*v. Let t = l - -818. Is t a prime number?
True
Is (9596/(-7))/(6/(-21)) a prime number?
False
Let q be (-2)/10 - (-3)/(15/(-134)). Let i(l) = -l**3 - 24*l**2 + 36*l + 44. Is i(q) a prime number?
True
Let y be 6/24 - (-652)/16. Suppose -25 - y = -2*f. Is f a composite number?
True
Suppose -5*k - 2*q = -q - 1917, -4*q + 372 = k. Suppose -k = -i + 3*v, -4*i = -v - 302 - 1223. Is i prime?
False
Suppose 0 = -4*y + 5*t + 26252, -32815 = -2*y - 3*y + t. Is y prime?
True
Suppose 699 = 14*o - 17*o. Let t = 18 - o. Is t a composite number?
False
Suppose -3*a + 8511 + 10068 = 0. Is a a composite number?
True
Let b(x) = -154*x + 49. Let z be b(-14). Suppose z = 5*g - 750. Is g prime?
False
Let d(o) = o**3 + 7*o**2 + 7*o + 6. Let v be d(-6). Suppose v = -4*n + 7 + 9. Suppose 0 = -n*j + 6*b - 4*b + 274, 2*j + 3*b - 141 = 0. Is j a composite number?
True
Let s(j) = -6 - 71*j + 14 + 22*j + 6. Is s(-11) prime?
False
Let p(j) = -j**3 + 3*j**2 + 2*j - 6. Let f be p(3). Let y be 155 - (-4 + 2 - -2). Suppose -5*x + y = -f*x. Is x prime?
True
Let s = 1240 + -2114. Let d = s + 1873. Suppose 3*g + d = 3*r, -4*r + 1360 = 4*g - g. Is r composite?
False
Suppose 595*u + 93185 = 600*u. Is u a prime number?
True
Suppose -o + d - 6*d = -61096, 3*o = 5*d + 183388. Is o composite?
False
Let c = -19 + 22. Let v = c + -4. Is (590/1)/((-2)/v) a composite number?
True
Is 4552 - 3/12*20 composite?
False
Let i = 116 + -83. Suppose -34 = 3*a + 4*b, 2*b - 4 = 3*b. Is -1*i/a*14 composite?
True
Suppose 5*y = 5*d + 20, -y + 3*y + 4*d = -22. Let r(h) = -2*h**3 + h**2 - 1. Let m be r(y). Suppose 5*i - m*b - 447 = b, 3*i - b = 265. Is i prime?
False
Let c(d) = d**2 - 8*d + 7. Let m be c(7). Suppose m = -r - r - 34. Let s = r - -96. Is s composite?
False
Suppose 153*t = 164*t - 171897. Is t composite?
True
Suppose -4*d - 3*l = 19, 3*d - 2*d = -5*l - 9. Let w be d*(-1)/(-2) - -6. Let i = w - -79. Is i a prime number?
True
Let i(u) = -2*u - 8. Let n be i(5). Let t be (3 + 0)/(18/n). Is (6/t - -3) + 2 a prime number?
True
Suppose -49 + 19 = 3*n - 5*t, -3*n - 18 = -t. Suppose -19 = j - 13. Is n/(-30) + (-617)/j a prime number?
True
Let a(z) = -z**2 - 6*z - 3. Let y be a(-4). Suppose m = y - 3. Suppose 3*x = -m*x + 65. Is x composite?
False
Let m = -120 + 81. Let r be 2*(m/(-6) + -3). Suppose r*p = 5*p + 44. Is p composite?
True
Let p(r) = 16*r**2 + 40*r + 55. Is p(-27) a prime number?
True
Let w(b) = -b**3 - b**2 + 2*b + 2. Suppose -l = 3*c - 1 + 7, -8 = 4*c + l. Let a be w(c). Suppose -q = a*q - 609. Is q composite?
True
Let d be 2/(-2) + 32/(-2). Let v = 42 + d. Let i = v + -18. Is i composite?
False
Suppose 4*i = 23*u - 18*u - 2327, 0 = 3*u + 2*i - 1383. Is u prime?
True
Is -1 - 2*-7554 - -2 a composite number?
True
Let n = -289 + 738. Is n composite?
False
Suppose 4*f + 4*l + l = -96, -l = 0. Let j = f + 29. Suppose 255 + 560 = j*n. Is n composite?
False
Let l be (2/4*0)/(9 + -6). Suppose -4*n - 3*n + 6251 = l. Is n a prime number?
False
Suppose 15*u - 22930 = 5*u. Is u a composite number?
False
Suppose -2*q - 5*n - 5102 = -5*q, q - 4*n = 1689. Is q a prime number?
True
Let b(w) = -w**3 + 54*w**2 + 175*w + 46. Is b(25) composite?
True
Let a(m) = m**3 + 2*m**2 - 2*m. Let w be a(0). Let c(q) = q + 251. Is c(w) prime?
True
Suppose -l + 514 + 270 = 0. Let s = l + -63. Is s composite?
True
Let u = 1708 + -1113. Let m = -410 + u. Is m a prime number?
False
Let z = 244 - 109. Let a = z + 952. Is a a composite number?
False
Let s(q) = -q - 6. Let b be s(-10). Suppose -5*n + 98 = 3*j, -169 = -b*j - 3*n - 31. Is (-2)/8 + 14229/j composite?
Tr